. Let m(x) = -b(x) - t(x). Calculate m(-2).
5
Suppose -4*w = -0*w. Suppose w = v - 3*l + 17, -2*v + 2*l - 23 = v. Let x = -4 - v. Let q(p) = 7*p - 1. Calculate q(x).
6
Let m = 5 - 9. Let q be m/18 - 20/(-9). Let a be q/6 + (-32)/(-12). Let w(p) = -p**3 + 3*p**2 + 4. Calculate w(a).
4
Let z be (-6)/(-39) + 33/39. Let o = -2 - -6. Let j(d) = -o - z + 4 - 2 - d. Determine j(0).
-3
Let x(y) = 3*y - 9. Let i(o) = -o + 4. Let z(j) = 5*i(j) + 2*x(j). What is z(-4)?
-2
Let v(z) = z**2 + 5. Let k(l) = -l**3 + 3*l**2 - 4 + l - 4 + 5*l**2 + 0. Let s be k(8). Let y be v(s). Let f(a) = -a - 6. Determine f(y).
-11
Let v = -7 + -1. Let q be v/20 + (-17)/(-5). Suppose q*s + o - 5*o = -15, -s + 5*o - 16 = 0. Let x(a) = 5*a. Give x(s).
-5
Let f be ((-42)/(-49))/(2/7). Let z(i) = 0*i**3 + 2*i**f - 1 - i**2 + 0*i**3 + 3*i**2. What is z(1)?
3
Let s(r) be the second derivative of 0 + 0*r**3 + 1/2*r**2 + r - 1/6*r**4. Give s(2).
-7
Let o(h) be the third derivative of -h**5/60 + h**4/8 - h**3/2 - 6*h**2. Calculate o(3).
-3
Let l(o) = -2*o + 2. Let w(i) = 3*i - 4. Let u(b) = -7*l(b) - 4*w(b). Let p = -3 - -6. Suppose 20 = -z + p*c, 2*c - 16 + 1 = z. Give u(z).
-8
Let y(u) = -u**3 - 7*u**2 - 4*u + 8. Let h(p) = 2*p + 16. Let x be h(-11). Calculate y(x).
-4
Let o(v) = -v**2 - 8*v + 5. Let i(m) = -2*m**2 - 9*m + 6. Let c(s) = 3*i(s) - 4*o(s). Let k(r) = r**3 - 10*r**2 + 18*r - 13. Let x be k(8). Determine c(x).
-5
Let c(u) = -19*u + 11*u + u**2 + 2*u + 6. What is c(6)?
6
Let a(d) = -5*d - 7 + 5 - 3*d**2 + 4*d. What is a(2)?
-16
Let n(c) = -5*c**2 + c. Let w be (1 - (2 + -1))/1. Let t(y) = y**2 - y - 1. Let j be t(w). Calculate n(j).
-6
Let o(k) = 24*k**2 - 75*k**2 + 21*k**2 + 23*k**2 - k. What is o(-1)?
-6
Let r(h) = h + 9. Let q be r(0). Let v = q - 5. Let t(a) = a**2 - 2*a - 3*a - v - 1. Give t(5).
-5
Suppose 0 = -3*i - i + 572. Let k(u) = -8 - 143*u**2 + i*u**2 + u**3. Let w(b) = -b. Let j be w(0). What is k(j)?
-8
Let i(o) = o**2 + o - 14. Let n(t) = -2*t**2 - 3*t + 27. Let x(b) = 11*i(b) + 6*n(b). Determine x(-9).
-10
Suppose -4 - 2 = 4*w + 2*z, -w = 3*z - 11. Let o = w + 3. Let n(m) = -7*m**2 - 1. What is n(o)?
-8
Let u(v) = -v + 3. Let m = -3 - -2. Let f be (m/(-3))/((-5)/(-60)). Let b be u(f). Let a(j) = -4*j. Determine a(b).
4
Let m(w) = -2 - 2*w + 0 + 1 + 3*w. Let h(r) = -r - 4. Let f be h(-6). What is m(f)?
1
Let c(v) be the second derivative of 1/3*v**3 + 0*v**2 - 1/20*v**5 + v + 1/24*v**4 + 0. Let k(z) be the second derivative of c(z). Determine k(-1).
7
Let r(t) = 134 - 282 + t + 136. Determine r(0).
-12
Let l(z) be the second derivative of 1/3*z**3 - 2*z - 1/12*z**4 + 0 + 3/2*z**2. Give l(4).
-5
Let t(b) = 3*b - 3*b**2 + b**3 - 4 + 3*b - 4*b + 2*b. Suppose 5*z - 2*u - 3*u - 20 = 0, -2*z - 4*u + 2 = 0. What is t(z)?
8
Let h(s) = 8*s + 9 - 2 - 1 - 7*s. Calculate h(-3).
3
Suppose -4*j = -0*j - 12. Let z(n) = 4*n. Let s(h) = -3*h. Let u(y) = j*s(y) + 2*z(y). Give u(-4).
4
Let x(z) = 7*z - 3. Let u = -34 + 31. Determine x(u).
-24
Suppose 22 - 2 = 5*b. Let g(z) = -z**2 + 6*z - 5. Calculate g(b).
3
Let b = -198 - -192. Let s(z) = 0 - 1 - z + 0*z. Determine s(b).
5
Let o(x) be the first derivative of 3*x**2/2 - 4*x - 5. Give o(4).
8
Let i(c) = c**3 + 7*c**2 + 5*c + 4. Let a be i(-6). Let z = -14 + a. Let v(p) = 3*p + 4. Determine v(z).
-8
Suppose 7*y = 2*y. Let v(z) = -z**2 - z - 8. Determine v(y).
-8
Suppose 7*v = -0*v + 49. Let o(a) = a**3 - 8*a**2 + 7*a + 6. Calculate o(v).
6
Let d(v) = 7*v**2 - 5*v - 5. Let b(t) = t**2 - t - 1. Let q(i) = -5*b(i) + d(i). Determine q(3).
18
Let x be (-8)/(-6)*9/(-2). Let v = -27 - x. Let i be v/6 + (-2)/4. Let l(d) = d. Calculate l(i).
-4
Suppose 3*u = -28 + 1. Let b(o) = -o**3 - 9*o**2 - 6. Determine b(u).
-6
Let g be (10/4 - 1)*2. Let f be (3/g)/((-1)/(-5)). Let d(s) = -6 + 4*s - f*s - 2*s. Give d(-4).
6
Let s(a) = -9*a**2 - 11. Let y(u) = -u**2 - 4*u - 4. Suppose 0 = -q - 7 + 3. Let c be y(q). Let d(g) = 5*g**2 + 6. Let p(h) = c*s(h) - 7*d(h). What is p(-2)?
6
Let i(m) = -m**3 + m**2 - m + 13. Let w be i(0). Suppose y = -2, 5*a = y - 5*y - w. Let q(z) = -6*z - 1. Give q(a).
5
Let f(n) = n**3 + 2*n**2 + 4. Suppose 0 = -4*m - 26 + 74. Let x be (-40)/m + (-2)/(-6). Give f(x).
-5
Let z(j) = -5*j - 5. Let f = -7 - -10. Let k = -2 - -6. Let w(g) = 4*g + 5. Let b(d) = f*z(d) + k*w(d). Give b(-4).
1
Suppose -11 - 54 = 5*y. Let k = -9 - y. Let d(o) = o - 8. Give d(k).
-4
Let m(u) = 2*u - 10. Let s(o) = 6*o - 10. Let i be s(3). Calculate m(i).
6
Suppose 4*d - 22 = 10. Let n(u) = u**2 - 7*u - 4. Determine n(d).
4
Let g(i) = 2*i**2 - 2*i - 4. Suppose 2 = 5*f - 18. Suppose f*t - 25 - 15 = 0. Let n(s) = -s**3 + 10*s**2 + s - 7. Let l be n(t). Determine g(l).
8
Let m(s) = -1 + 80*s + 2 - 69*s. Calculate m(-2).
-21
Let u(y) = y + 1. Let i(q) = -q**2 - 7*q. Let r(p) = i(p) - u(p). Let n(w) = 2*w + 13. Let a be n(-9). Determine r(a).
14
Let b(p) = 8*p**2 - 3 - p**3 - 2*p + 0*p**2 + 5 - 4*p**2. Calculate b(4).
-6
Let t(b) = -3*b + 3. Let j(i) = 2*i - 1. Let l be j(-1). What is t(l)?
12
Let u = 0 + 3. Let y(d) = d - 3. Let h be y(u). Let v(j) = 8*j + h*j - j. What is v(-1)?
-7
Let h be (-3 + (-17)/(-6))/((-1)/8). Let x(s) be the first derivative of 1/2*s**2 - h*s**3 + 4*s + 2 - 1/4*s**4. What is x(-4)?
0
Let u = 16 - 15. Let y(p) = p + 2. Let w be y(-3). Let h(x) = x**3 - x - 1. Let o(k) = -2*k**3 - 2*k**2 + 6*k + 5. Let n(r) = w*o(r) - 5*h(r). Determine n(u).
-2
Let s = 24 - 23. Let v(h) = -2*h**2 + h. What is v(s)?
-1
Let b(w) = 1. Let v be 2/(-4) - 3/(-2). Let z(t) = -t. Let f(r) = r - 1. Let y(n) = -5*f(n) - 6*z(n). Let p(m) = v*y(m) - 3*b(m). Give p(0).
2
Let i(k) = k**3 + 11*k**2 + 2*k - 7. Let a(d) = -5*d**2 - d + 3. Let x(p) = -9*a(p) - 4*i(p). Calculate x(-1).
5
Let o(x) = -x**2 + 6*x + 2. Let y be o(6). Let r = 0 + y. Let k(l) = 2*l**3 + l**2 + l + 2. Let h(w) = w**3 + w. Let n(g) = -3*h(g) + k(g). Give n(r).
-6
Let h be (-29)/145 + 38/(-10). Let m(b) = -2*b**2 - 6*b - 2. Calculate m(h).
-10
Let q(b) be the first derivative of b**2 - 4*b - 3. What is q(3)?
2
Let h(f) = f**2 - 11*f + 3. Let v be h(12). Let q = v + -11. Let a(i) = -3*i + 7. Let o(t) = -t + 1. Let n(r) = a(r) - 2*o(r). Give n(q).
1
Let q(k) = 4*k**2 - 5*k + 1. Let f(y) = -3*y**2 + 5*y. Let b(h) = -5*f(h) - 4*q(h). What is b(-3)?
2
Let a(b) = 7*b**2 - 6*b - 8. Let w(k) = -20*k**2 + 18*k + 23. Let z(s) = -17*a(s) - 6*w(s). Calculate z(7).
5
Let s = 1 - 0. Let g(y) be the third derivative of -y**5/30 - y**3/6 + 2*y**2 + 46*y. Give g(s).
-3
Let p(w) = -5*w**2 - 2*w - 2*w + 0*w. Let i(y) = -4*y**2 - 4*y. Let o = -11 + 5. Let j(c) = o*i(c) + 5*p(c). Give j(5).
-5
Let f(z) be the third derivative of -z**6/15 - z**5/60 - z**4/24 - 4*z**2. Calculate f(-1).
8
Let w(u) = u + 2. Let c(z) = 2*z + 3. Let n be c(-5). Calculate w(n).
-5
Let k(i) = i - 4. Let j(o) = -5*o + 15. Let g(b) = 2*j(b) + 9*k(b). Calculate g(-7).
1
Let v(f) = 5*f**2 + 27*f - 5. Let c(g) = -3*g**2 - 18*g + 4. Let t(k) = -8*c(k) - 5*v(k). What is t(8)?
1
Let y(v) be the third derivative of v**5/60 + 7*v**4/24 - v**3/6 - 5*v**2. What is y(-5)?
-11
Let v(w) = -15*w + 4*w + 4*w - 8 + 8*w. What is v(6)?
-2
Let p(b) = 1212*b + 1 + 3 + 0 - 1213*b + b**2. Let f be 0/(-1 + 2 + -3). Give p(f).
4
Let i be (28/(-35))/((-4)/10). Let k(o) = -i - 2*o - 1 + 0 - 2*o**2. Determine k(-2).
-7
Let h(a) = 4*a. Let x be h(1). Let c(w) = w**3 - 2*w**2 - 5*w - 2. Calculate c(x).
10
Let d(n) = -n**2 + 8*n + 8. Let a(b) = -2*b**2 + 17*b + 17. Let g(z) = -6*a(z) + 13*d(z). What is g(-2)?
-6
Suppose 0 = i + 1 - 0. Let d = i + 1. Let r(z) = 6 - 2*z + z + 2*z. Determine r(d).
6
Let o = -1 + 5. Let g(x) be the third derivative of -x**4/24 + x**3 + 26*x**2. What is g(o)?
2
Let v(r) = r**2 - 4*r - 1. Let c = -25 - -11. Let p = -3 - c. Let g = -7 + p. What is v(g)?
-1
Let t(u) be the third derivative of -u**6/120 - u**5/30 + u**4/8 - u**3/2 - 7*u**2. Let o be (-1 - (1 - -1))*1. What is t(o)?
-3
Let p be (0*(-4)/4)/(-1). Let i(c) be the first derivative of -c**2/2 - 11*c + 1. Calculate i(p).
-11
Let b(o) = -o + 2. Let c = -5 - -8. Suppose c*j - 44 = -5. Suppose -3*i - 27 = -4*q, q - 3*i = -i + j. Determine b(q).
-1
Let a be (-3 + 5)*(-2)/(-4). Suppose 5*u = 4*u + 4. Let y(k) = 10 + k**2 + u*k**3 - 10. Determine y(a).
5
Suppose 0 = 4*w - 4*p + 4